{"id":99,"date":"2020-07-27T14:20:30","date_gmt":"2020-07-27T14:20:30","guid":{"rendered":"http:\/\/altes-verwalterhaus.de\/?page_id=99"},"modified":"2020-07-27T14:22:39","modified_gmt":"2020-07-27T14:22:39","slug":"natur-und-ausfluege","status":"publish","type":"page","link":"https:\/\/altes-verwalterhaus.de\/?page_id=99","title":{"rendered":"Natur und Ausfl\u00fcge"},"content":{"rendered":"\n<p>Eine Auswahl interessanter Ausflugsziele und Natur-Beobachtungspunkte, die man mit dem Auto oder Rad erreichen kann. Nat\u00fcrlich gibt es noch vieles mehr zu entdecken. diese Auswahl ist ein Start, die Gegend kennenzulernen. Mit einem Klick auf die Markierungen bekommt Ihr Links zu den jeweiligen Webseiten und Informationen. Die Karte kann man rein- und rauszoomen und auch verschieben, um sich Details anzusehen.<\/p>\n\n\n\n\t\t\t\t<div id=\"wp_mapit_cdUANI8tls\" class=\"wp_mapit_multipin_map\" data-lat=\"53.732466354513\" data-lng=\"12.94189453125\" data-zoom=\"8\" data-type=\"normal\" data-marker=\"https:\/\/altes-verwalterhaus.de\/wp-content\/plugins\/wp-mapit\/wp_mapit\/images\/map-pin.png\" data-width=\"100\" data-width-type=\"per\" data-height=\"300\" data-height-type=\"px\" data-pins=\"[{&quot;lat&quot;:&quot;53.5617752608148&quot;,&quot;lng&quot;:&quot;13.0780672859775&quot;,&quot;marker_image&quot;:&quot;https:\\\/\\\/altes-verwalterhaus.de\\\/wp-content\\\/uploads\\\/2020\\\/07\\\/green__pin.png&quot;,&quot;marker_title&quot;:&quot;Aussichtspunkt Wasserv\\u00f6gel&quot;,&quot;marker_content&quot;:&quot;Wrodower Wiesenblick, sehr viele Wasserv\\u00f6gel zu beobachten&quot;,&quot;marker_url&quot;:&quot;&quot;},{&quot;lat&quot;:&quot;53.4268341930916&quot;,&quot;lng&quot;:&quot;12.9319828454151&quot;,&quot;marker_image&quot;:&quot;https:\\\/\\\/altes-verwalterhaus.de\\\/wp-content\\\/uploads\\\/2020\\\/07\\\/blue_pin.png&quot;,&quot;marker_title&quot;:&quot;Kanu Station&quot;,&quot;marker_content&quot;:&quot;&lt;a href=\\&quot;http:\\\/\\\/www.kanu-hecht.de\\&quot; target=\\&quot;_blank\\&quot;&gt;Kanu Hecht&lt;\\\/a&gt;\\r\\nKanutouren im Nationalpark und auf der Havel&quot;,&quot;marker_url&quot;:&quot;&quot;},{&quot;lat&quot;:&quot;53.8485465&quot;,&quot;lng&quot;:&quot;12.8881764&quot;,&quot;marker_image&quot;:&quot;https:\\\/\\\/altes-verwalterhaus.de\\\/wp-content\\\/uploads\\\/2020\\\/07\\\/yellow_pin.png&quot;,&quot;marker_title&quot;:&quot;Peene Naturschutzgebiet&quot;,&quot;marker_content&quot;:&quot;Polder Gro\\u00dfer Rosien (Aussichtspunkt)\\r\\nRestaurant Aalbude\\r\\n&lt;a href=\\&quot;https:\\\/\\\/abenteuer-peenetal.com\\\/erlebnis\\\/peenesafari-bibertour-im-solarkatamaran\\\/\\&quot; target=\\&quot;_blank\\&quot;&gt;Biber-Touren&lt;\\\/a&gt;&quot;,&quot;marker_url&quot;:&quot;&quot;},{&quot;lat&quot;:&quot;53.7162664257609&quot;,&quot;lng&quot;:&quot;12.9519403744535&quot;,&quot;marker_image&quot;:&quot;https:\\\/\\\/altes-verwalterhaus.de\\\/wp-content\\\/uploads\\\/2020\\\/07\\\/red_pin.png&quot;,&quot;marker_title&quot;:&quot;Ivenacker Eichen&quot;,&quot;marker_content&quot;:&quot;&lt;a href=\\&quot;http:\\\/\\\/www.ivenacker-eichen.de\\&quot; target=\\&quot;_blank\\&quot;&gt;Park mit Baumwipfelpfad und Gastronomie&lt;\\\/a&gt;&quot;,&quot;marker_url&quot;:&quot;&quot;},{&quot;lat&quot;:&quot;53.4839598637933&quot;,&quot;lng&quot;:&quot;12.759201813935&quot;,&quot;marker_image&quot;:&quot;https:\\\/\\\/altes-verwalterhaus.de\\\/wp-content\\\/uploads\\\/2020\\\/07\\\/light_green_pin.png&quot;,&quot;marker_title&quot;:&quot;Nationalparkzentrum Federow&quot;,&quot;marker_content&quot;:&quot;&lt;a href=\\&quot;https:\\\/\\\/www.mecklenburgische-seenplatte.de\\\/reiseziele\\\/nationalpark-information-federow\\&quot; target=\\&quot;_blank\\&quot;&gt;Nationalparkzentrum mit Kamera im Adlernest und Gastronomie&lt;\\\/a&gt;&quot;,&quot;marker_url&quot;:&quot;&quot;}]\"><\/div>\n\t\t\t\n\n\n\n<p><strong>Gelb<\/strong>: Peene Fluss Naturschutzgebiet, Polder Gro\u00dfer Rosien (Aussichtspunkt), Restaurant Aalbude, Biber-Touren mit dem Solarboot auf dem Fluss<br><strong>Rot<\/strong>: \u00fcber 1000 jahre alte Ivenacker Eichen, Park mit Baumwipfelpfad und Gastronomie<br><strong>Gr\u00fcn<\/strong>: gleich im Nachbardorf &#8211; Aussichtspunkt Wasserv\u00f6gel, Wrodower Wiesenblick, sehr viele Wasserv\u00f6gel auf \u00dcberflutungswiesen zu beobachten<br><strong>Hellgr\u00fcn<\/strong>: Nationalparkzentrum Federow, Nationalparkzentrum mit Kamera im Adlernest und Gastronomie, Startpunkt zum Wandern oder Radfahren im Nationalpark<br><strong>Blau<\/strong>: Kanu Station Kanu Hecht, Kanutouren im Nationalpark und auf der Havel, auch Tretboot oder Ruderboot<\/p>\n","protected":false},"excerpt":{"rendered":"<p>Eine Auswahl interessanter Ausflugsziele und Natur-Beobachtungspunkte, die man mit dem Auto oder Rad erreichen kann. Nat\u00fcrlich gibt es noch vieles mehr zu entdecken. diese Auswahl ist ein Start, die Gegend kennenzulernen. Mit einem Klick auf die Markierungen bekommt Ihr Links zu den jeweiligen Webseiten und Informationen. Die Karte kann man rein- und rauszoomen und auch <a class=\"read-more\" href=\"https:\/\/altes-verwalterhaus.de\/?page_id=99\">READ MORE<\/a><\/p>\n","protected":false},"author":1,"featured_media":0,"parent":0,"menu_order":0,"comment_status":"closed","ping_status":"closed","template":"","meta":{"footnotes":""},"class_list":["post-99","page","type-page","status-publish","hentry"],"_links":{"self":[{"href":"https:\/\/altes-verwalterhaus.de\/index.php?rest_route=\/wp\/v2\/pages\/99","targetHints":{"allow":["GET"]}}],"collection":[{"href":"https:\/\/altes-verwalterhaus.de\/index.php?rest_route=\/wp\/v2\/pages"}],"about":[{"href":"https:\/\/altes-verwalterhaus.de\/index.php?rest_route=\/wp\/v2\/types\/page"}],"author":[{"embeddable":true,"href":"https:\/\/altes-verwalterhaus.de\/index.php?rest_route=\/wp\/v2\/users\/1"}],"replies":[{"embeddable":true,"href":"https:\/\/altes-verwalterhaus.de\/index.php?rest_route=%2Fwp%2Fv2%2Fcomments&post=99"}],"version-history":[{"count":8,"href":"https:\/\/altes-verwalterhaus.de\/index.php?rest_route=\/wp\/v2\/pages\/99\/revisions"}],"predecessor-version":[{"id":108,"href":"https:\/\/altes-verwalterhaus.de\/index.php?rest_route=\/wp\/v2\/pages\/99\/revisions\/108"}],"wp:attachment":[{"href":"https:\/\/altes-verwalterhaus.de\/index.php?rest_route=%2Fwp%2Fv2%2Fmedia&parent=99"}],"curies":[{"name":"wp","href":"https:\/\/api.w.org\/{rel}","templated":true}]}}