{"id":204,"date":"2022-01-16T13:07:03","date_gmt":"2022-01-16T13:07:03","guid":{"rendered":"https:\/\/altes-verwalterhaus.de\/?page_id=204"},"modified":"2026-03-25T07:23:31","modified_gmt":"2026-03-25T06:23:31","slug":"zelten-auf-der-obstwiese","status":"publish","type":"page","link":"https:\/\/altes-verwalterhaus.de\/?page_id=204","title":{"rendered":"Zelten \/ Wohnmobil \/ Wohnwagen auf der Obstwiese"},"content":{"rendered":"\n<p>Wir bieten Euch eine Zeltm\u00f6glichkeit auf der Obstwiese. Alte Apfelb\u00e4ume spenden Schatten und die Wiese ist weich und ziemlich gerade. Wohnwagen und Wohnmobil sind auch m\u00f6glich, wenn sie nicht zu gro\u00df sind, einfach vorher kurz anfragen.<\/p>\n\n\n\n<p>Die Sommerk\u00fcche mit Kochm\u00f6glichkeit und gem\u00fctlicher Sitzecke l\u00e4dt auch bei rauerem Wetter zum Ausruhen und Verweilen ein. Au\u00dferdem habt Ihr einen Pavillon und die Feuerstelle zur Verf\u00fcgung.<\/p>\n\n\n\n<p>Bad, Abwaschm\u00f6glichkeit und K\u00fchlschrankfach sind im Haus und rund um die Uhr erreichbar. Mikro-Campingplatz bedeutet h\u00f6chstens 2 Pl\u00e4tze f\u00fcr Zelte bzw. Fahrzeuge und 6 Personen. Falls Eure Gruppe gr\u00f6\u00dfer ist, nehmt bitte Kontakt auf und wir sehen, wie wir das l\u00f6sen k\u00f6nnen. Wegen der begrenzten Anzahl Pl\u00e4tze meldet Euch bitte immer &#8211; gern auch telefonisch &#8211; vorher an. (siehe Kontaktseite)<\/p>\n\n\n\n<p>Preise finden sich <a href=\"https:\/\/altes-verwalterhaus.de\/?page_id=24\">hier<\/a>.<br><\/p>\n\n\n\n<figure class=\"wp-block-gallery has-nested-images columns-default is-cropped wp-block-gallery-1 is-layout-flex wp-block-gallery-is-layout-flex\">\n<figure class=\"wp-block-image size-large\"><img loading=\"lazy\" decoding=\"async\" width=\"769\" height=\"1024\" data-id=\"239\" src=\"https:\/\/altes-verwalterhaus.de\/wp-content\/uploads\/2023\/06\/IMG_3895_k-769x1024.jpg\" alt=\"\" class=\"wp-image-239\" srcset=\"https:\/\/altes-verwalterhaus.de\/wp-content\/uploads\/2023\/06\/IMG_3895_k-769x1024.jpg 769w, https:\/\/altes-verwalterhaus.de\/wp-content\/uploads\/2023\/06\/IMG_3895_k-225x300.jpg 225w, https:\/\/altes-verwalterhaus.de\/wp-content\/uploads\/2023\/06\/IMG_3895_k-768x1023.jpg 768w, https:\/\/altes-verwalterhaus.de\/wp-content\/uploads\/2023\/06\/IMG_3895_k.jpg 901w\" sizes=\"auto, (max-width: 769px) 100vw, 769px\" \/><\/figure>\n\n\n\n<figure class=\"wp-block-image size-large\"><img loading=\"lazy\" decoding=\"async\" width=\"769\" height=\"1024\" data-id=\"241\" src=\"https:\/\/altes-verwalterhaus.de\/wp-content\/uploads\/2023\/06\/IMG_3898_k-769x1024.jpg\" alt=\"\" class=\"wp-image-241\" srcset=\"https:\/\/altes-verwalterhaus.de\/wp-content\/uploads\/2023\/06\/IMG_3898_k-769x1024.jpg 769w, https:\/\/altes-verwalterhaus.de\/wp-content\/uploads\/2023\/06\/IMG_3898_k-225x300.jpg 225w, https:\/\/altes-verwalterhaus.de\/wp-content\/uploads\/2023\/06\/IMG_3898_k-768x1023.jpg 768w, https:\/\/altes-verwalterhaus.de\/wp-content\/uploads\/2023\/06\/IMG_3898_k.jpg 901w\" sizes=\"auto, (max-width: 769px) 100vw, 769px\" \/><\/figure>\n<\/figure>\n\n\n\n<div style=\"height:21px\" aria-hidden=\"true\" class=\"wp-block-spacer\"><\/div>\n\n\n\n<div>\n<div style=\"max-width: 100%; float: left;font-size:medium\"><b>Verf\u00fcgbarkeit<\/b>: Es gibt zwei Pl\u00e4tze in dieser Kategorie. Wenn beide belegt sind, werden im Kalender zwei &#8222;Balken&#8220; angezeigt. Wenn nur ein Balken oder keiner angezeigt wird, ist noch etwas frei.<\/div>\n<\/div>\n\n\n<div class=\"r34ics-ajax-container loading\" id=\"r69d735952db5e85\" data-view=\"month\" data-view-is-list-style=\"0\" data-view-is-list-long=\"0\" data-args=\"56c9d1e5b4080e33255406f29e5cf24ef7b3fd66\" data-js-args=\"{&quot;debug&quot;:null}\">&nbsp;<\/div>\n\n\n\n<p><\/p>\n","protected":false},"excerpt":{"rendered":"<p>Wir bieten Euch eine Zeltm\u00f6glichkeit auf der Obstwiese. Alte Apfelb\u00e4ume spenden Schatten und die Wiese ist weich und ziemlich gerade. Wohnwagen und Wohnmobil sind auch m\u00f6glich, wenn sie nicht zu gro\u00df sind, einfach vorher kurz anfragen. Die Sommerk\u00fcche mit Kochm\u00f6glichkeit und gem\u00fctlicher Sitzecke l\u00e4dt auch bei rauerem Wetter zum Ausruhen und Verweilen ein. Au\u00dferdem habt <a class=\"read-more\" href=\"https:\/\/altes-verwalterhaus.de\/?page_id=204\">READ MORE<\/a><\/p>\n","protected":false},"author":1,"featured_media":0,"parent":0,"menu_order":0,"comment_status":"closed","ping_status":"closed","template":"","meta":{"footnotes":""},"class_list":["post-204","page","type-page","status-publish","hentry"],"_links":{"self":[{"href":"https:\/\/altes-verwalterhaus.de\/index.php?rest_route=\/wp\/v2\/pages\/204","targetHints":{"allow":["GET"]}}],"collection":[{"href":"https:\/\/altes-verwalterhaus.de\/index.php?rest_route=\/wp\/v2\/pages"}],"about":[{"href":"https:\/\/altes-verwalterhaus.de\/index.php?rest_route=\/wp\/v2\/types\/page"}],"author":[{"embeddable":true,"href":"https:\/\/altes-verwalterhaus.de\/index.php?rest_route=\/wp\/v2\/users\/1"}],"replies":[{"embeddable":true,"href":"https:\/\/altes-verwalterhaus.de\/index.php?rest_route=%2Fwp%2Fv2%2Fcomments&post=204"}],"version-history":[{"count":52,"href":"https:\/\/altes-verwalterhaus.de\/index.php?rest_route=\/wp\/v2\/pages\/204\/revisions"}],"predecessor-version":[{"id":442,"href":"https:\/\/altes-verwalterhaus.de\/index.php?rest_route=\/wp\/v2\/pages\/204\/revisions\/442"}],"wp:attachment":[{"href":"https:\/\/altes-verwalterhaus.de\/index.php?rest_route=%2Fwp%2Fv2%2Fmedia&parent=204"}],"curies":[{"name":"wp","href":"https:\/\/api.w.org\/{rel}","templated":true}]}}