{"id":185,"date":"2021-10-10T11:26:30","date_gmt":"2021-10-10T11:26:30","guid":{"rendered":"https:\/\/altes-verwalterhaus.de\/?page_id=185"},"modified":"2026-04-15T17:44:08","modified_gmt":"2026-04-15T15:44:08","slug":"alter-forstwagen-schaeferwagen","status":"publish","type":"page","link":"https:\/\/altes-verwalterhaus.de\/?page_id=185","title":{"rendered":"Alter Forstwagen \/ Sch\u00e4ferwagen"},"content":{"rendered":"<style type=\"text\/css\">\r\n\r\n    .as-panels .as-panel .text-block {\r\n      position: absolute;\r\n      left: 30px;\r\n      bottom: 30px;\r\n      max-width: 400px;\r\n      padding: 20px;\r\n      border-radius: 5px;\r\n      background-color: rgba(0, 0, 0, 0.6);\r\n      color: #fff;\r\n      z-index: 4;\r\n      visibility: hidden;\r\n    }\r\n    .as-panels .as-panel .text-block h3 {\r\n      font-size: 20px;\r\n      font-weight: 700;\r\n    }\r\n    .as-panels:hover .as-panel:hover {\r\n      -ms-flex-negative: 0;\r\n          flex-shrink: 0;\r\n          \/*cursor: move;*\/\r\n      width: 100%;\r\n    }\r\n\r\n    .as-panels .as-panel .text-block {\r\n      bottom: 60px;\r\n    }\r\n    \r\n    .as-panels:hover .as-panel:hover .text-block {\r\n      -webkit-transition-property: all;\r\n      transition-property: all;\r\n      -webkit-transition-duration: 0.2s;\r\n              transition-duration: 0.2s;\r\n      -webkit-transition-timing-function: linear;\r\n              transition-timing-function: linear;\r\n      -webkit-transition-delay: 0.5s;\r\n              transition-delay: 0.5s;\r\n      bottom: 30px;\r\n      opacity: 1;\r\n      visibility: visible;\r\n    }\r\n\r\n    \r\n<\/style>\r\n\r\n<div id=\"my-accordion-184\" class=\"accordion-slider accordion-slider-184\" style=\"margin-bottom: 100px;\">\r\n        <div class=\"as-panels\">\r\n                                  \r\n                        <div class=\"as-panel\">\r\n                            <img decoding=\"async\" class=\"as-background\" src=\"https:\/\/altes-verwalterhaus.de\/wp-content\/uploads\/2021\/10\/IMG_20210918_154455_k.jpg\"\/>\r\n\r\n\r\n                                                  <div class=\"text-block\">\r\n                                                            <h3 style=\"\r\n                                font-size: 18px;\r\n                                font-family: Arial;\r\n                                color: #ffffff;\r\n                                background-color: ;\r\n                                    margin: 8px 0;\r\n                                    text-align: justify;\r\n                                \">Fortwagen im Apfelgarten<\/h3>\r\n                                                        <div class=\"text\">\r\n                                                              <p style=\"\r\n                                font-size: 14px;\r\n                                font-family: Arial;\r\n                                              color: #ffffff;\r\n                                              background-color: ;\r\n                                                  margin: 0 0 8px 0;\r\n                                                  text-align: justify;\r\n                                \">Forstwagen \/ Sch\u00e4ferwagen im Apfelgarten<\/p>\r\n                                                          <\/div>\r\n                          <\/div>\r\n                         \r\n\r\n\r\n                        <\/div>\r\n                                     \r\n                        <div class=\"as-panel\">\r\n                            <img decoding=\"async\" class=\"as-background\" src=\"https:\/\/altes-verwalterhaus.de\/wp-content\/uploads\/2021\/10\/IMG_20210914_191534_k-1200x900.jpg\"\/>\r\n\r\n\r\n                                                  <div class=\"text-block\">\r\n                                                            <h3 style=\"\r\n                                font-size: 18px;\r\n                                font-family: Arial;\r\n                                color: #ffffff;\r\n                                background-color: ;\r\n                                    margin: 8px 0;\r\n                                    text-align: justify;\r\n                                \">Blick auf die Veranda des Forstwagens<\/h3>\r\n                                                        <div class=\"text\">\r\n                                                              <p style=\"\r\n                                font-size: 14px;\r\n                                font-family: Arial;\r\n                                              color: #ffffff;\r\n                                              background-color: ;\r\n                                                  margin: 0 0 8px 0;\r\n                                                  text-align: justify;\r\n                                \">Blick aus der T\u00fcr und auf Ofen und Veranda<\/p>\r\n                                                          <\/div>\r\n                          <\/div>\r\n                         \r\n\r\n\r\n                        <\/div>\r\n                                     \r\n                        <div class=\"as-panel\">\r\n                            <img decoding=\"async\" class=\"as-background\" src=\"https:\/\/altes-verwalterhaus.de\/wp-content\/uploads\/2021\/10\/IMG_20210918_154628_k.jpg\"\/>\r\n\r\n\r\n                                                  <div class=\"text-block\">\r\n                                                            <h3 style=\"\r\n                                font-size: 18px;\r\n                                font-family: Arial;\r\n                                color: #ffffff;\r\n                                background-color: ;\r\n                                    margin: 8px 0;\r\n                                    text-align: justify;\r\n                                \">der alte Forstwagen<\/h3>\r\n                                                        <div class=\"text\">\r\n                                                              <p style=\"\r\n                                font-size: 14px;\r\n                                font-family: Arial;\r\n                                              color: #ffffff;\r\n                                              background-color: ;\r\n                                                  margin: 0 0 8px 0;\r\n                                                  text-align: justify;\r\n                                \">Nahansicht von der Veranda Seite<\/p>\r\n                                                          <\/div>\r\n                          <\/div>\r\n                         \r\n\r\n\r\n                        <\/div>\r\n                                     \r\n                        <div class=\"as-panel\">\r\n                            <img decoding=\"async\" class=\"as-background\" src=\"https:\/\/altes-verwalterhaus.de\/wp-content\/uploads\/2021\/10\/IMG_20210918_154800_k.jpg\"\/>\r\n\r\n\r\n                                                  <div class=\"text-block\">\r\n                                                            <h3 style=\"\r\n                                font-size: 18px;\r\n                                font-family: Arial;\r\n                                color: #ffffff;\r\n                                background-color: ;\r\n                                    margin: 8px 0;\r\n                                    text-align: justify;\r\n                                \">im alten Forstwagen <\/h3>\r\n                                                        <div class=\"text\">\r\n                                                              <p style=\"\r\n                                font-size: 14px;\r\n                                font-family: Arial;\r\n                                              color: #ffffff;\r\n                                              background-color: ;\r\n                                                  margin: 0 0 8px 0;\r\n                                                  text-align: justify;\r\n                                \">Der Tisch kann eingeklappt werden und das untere Bett ist ausziehbar.<\/p>\r\n                                                          <\/div>\r\n                          <\/div>\r\n                         \r\n\r\n\r\n                        <\/div>\r\n                                     \r\n                        <div class=\"as-panel\">\r\n                            <img decoding=\"async\" class=\"as-background\" src=\"https:\/\/altes-verwalterhaus.de\/wp-content\/uploads\/2021\/10\/IMG_20210918_154858_k.jpg\"\/>\r\n\r\n\r\n                                                  <div class=\"text-block\">\r\n                                                            <h3 style=\"\r\n                                font-size: 18px;\r\n                                font-family: Arial;\r\n                                color: #ffffff;\r\n                                background-color: ;\r\n                                    margin: 8px 0;\r\n                                    text-align: justify;\r\n                                \">Beleuchtung mit alter Norwegischer Lampe<\/h3>\r\n                                                        <div class=\"text\">\r\n                                                              <p style=\"\r\n                                font-size: 14px;\r\n                                font-family: Arial;\r\n                                              color: #ffffff;\r\n                                              background-color: ;\r\n                                                  margin: 0 0 8px 0;\r\n                                                  text-align: justify;\r\n                                \">Der Forstwagen hat Solarstrom f\u00fcr Licht und zum Handy laden.<\/p>\r\n                                                          <\/div>\r\n                          <\/div>\r\n                         \r\n\r\n\r\n                        <\/div>\r\n                                     \r\n                        <div class=\"as-panel\">\r\n                            <img decoding=\"async\" class=\"as-background\" src=\"https:\/\/altes-verwalterhaus.de\/wp-content\/uploads\/2021\/10\/IMG_20210918_154910_k.jpg\"\/>\r\n\r\n\r\n                                                  <div class=\"text-block\">\r\n                                                            <h3 style=\"\r\n                                font-size: 18px;\r\n                                font-family: Arial;\r\n                                color: #ffffff;\r\n                                background-color: ;\r\n                                    margin: 8px 0;\r\n                                    text-align: justify;\r\n                                \">im alten Forstwagen ist es hell<\/h3>\r\n                                                        <div class=\"text\">\r\n                                                              <p style=\"\r\n                                font-size: 14px;\r\n                                font-family: Arial;\r\n                                              color: #ffffff;\r\n                                              background-color: ;\r\n                                                  margin: 0 0 8px 0;\r\n                                                  text-align: justify;\r\n                                \">Der Tisch kann eingeklappt werden und das untere Bett ist ausziehbar.<\/p>\r\n                                                          <\/div>\r\n                          <\/div>\r\n                         \r\n\r\n\r\n                        <\/div>\r\n                                     \r\n        <\/div>\r\n        <div class=\"wpaas-conf-184\" style=\"display: none;\">{&quot;visible_images&quot;:&quot;4&quot;,&quot;width&quot;:&quot;1000px&quot;,&quot;height&quot;:&quot;400px&quot;,&quot;orientation&quot;:&quot;horizontal&quot;,&quot;image_distance&quot;:&quot;1&quot;,&quot;max_opened_image_size&quot;:&quot;80%&quot;,&quot;open_image_on&quot;:&quot;hover&quot;,&quot;shadow&quot;:&quot;true&quot;,&quot;autoplay&quot;:&quot;true&quot;,&quot;mouse_wheel&quot;:&quot;true&quot;,&quot;close_panel_on_mouse_out&quot;:&quot;true&quot;,&quot;autoplay_direction&quot;:&quot;normal&quot;,&quot;autoplay_delay&quot;:&quot;3000&quot;}<\/div>\r\n    <\/div>\r\n\r\n\r\n<script type=\"text\/javascript\">\r\n    jQuery(document).ready(function($) {\r\n        $( '.accordion-slider-184' ).each(function( index ) { \r\n            var slider_id   = $(this).attr('id');  \r\n            var slider_conf = $.parseJSON( $(this).closest('#my-accordion-184').find('.wpaas-conf-184').text());\r\n                \r\n            if( typeof(slider_id) != 'undefined' && slider_id != '' ) { \r\n                $('#my-accordion-184').WPaccordionSlider({\r\n                width:parseInt(slider_conf.width), \r\n                height: parseInt(slider_conf.height),\r\n                responsiveMode: 'custom',\r\n                orientation: slider_conf.orientation,\r\n               \/* openedPanelSize: '40%',*\/\r\n                maxOpenedPanelSize: slider_conf.max_opened_image_size,\r\n                openPanelOn: slider_conf.open_image_on,\r\n                visiblePanels: parseInt(slider_conf.visible_images),\r\n                autoplayDirection: slider_conf.autoplay_direction,\r\n                autoplayDelay: parseInt(slider_conf.autoplay_delay),\r\n                startPanel: -1,\r\n                \/*\r\n                startPanel: -1, \/\/start setting\r\n                --closePanelsOnMouseOut: true, \r\n                mouseDelay: 500, \r\n                openPanelDuration: 2000,\r\n                closePanelDuration: 1000,\r\n                --autoplayDelay: 3000,\r\n                --autoplayDirection:'backwards',\r\n                autoplayOnHover:'pause',\r\n                --keyboard: true,\r\n                *\/\r\n\r\n                panelDistance: parseInt(slider_conf.image_distance),\r\n                shadow     : (slider_conf.shadow)      == \"true\"           ? true          : false,\r\n                autoplay   : (slider_conf.autoplay)    == \"true\"           ? true          : false,\r\n                mouseWheel : (slider_conf.mouse_wheel) == \"true\"           ? true          : false,    \r\n                closePanelsOnMouseOut : (slider_conf.close_panel_on_mouse_out) == \"true\"           ? true          : false,    \r\n                   \r\n                breakpoints: {\r\n                    960: {visiblePanels: (parseInt(slider_conf.visible_images) > 5) ? 5 : parseInt(slider_conf.visible_images)},\r\n                    800: {visiblePanels: (parseInt(slider_conf.visible_images) > 3) ? 3 : parseInt(slider_conf.visible_images)},\r\n                    650: {visiblePanels: 3},\r\n                    500: {visiblePanels: 3}\r\n                }\r\n             });\r\n            }\r\n        });\r\n    });\r\n<\/script>\n\n\n\n<p>Der alte Forstwagen oder Sch\u00e4ferwagen stand \u00fcber Jahrzehnte im Wald. Das merkt man ihm auch &#8211; bewusst &#8211; noch an. <\/p>\n\n\n\n<p>Im Forstwagen k\u00f6nnen zwei Personen bequem \u00fcbernachten und entspannen. Das untere Bett ist so ausziehbar, dass man das Bettzeug bzw. den Schlafsack (bitte selbst mitbringen) nicht st\u00e4ndig wegr\u00e4umen muss. Es gibt echte Lattenroste und vern\u00fcnftige Matratzen f\u00fcr guten Schlaf. Beheizt ist der Forstwagen mit einem kleinen Holzofen und die Isolierung ist f\u00fcr die \u00dcbergangszeit (Herbst und Fr\u00fchjahr) ausgelegt. <\/p>\n\n\n\n<p>Licht dringt aus einer alten norwegischen Benzinlampe, die auf 12V umger\u00fcstet ist. Au\u00dferdem kann das Handy \u00fcber eine USB Dose aufgeladen werden. Der Forstwagen wird ausschlie\u00dflich mit Solarstrom versorgt. Gep\u00e4ck verschwindet in den B\u00e4nken und unter dem Bett. Zu Eurer Sicherheit gibt es Rauchmelder, Kohlenmonoxid-Warner und Feuerl\u00f6scher.<\/p>\n\n\n\n<p>Aus dem Fenster und von der Veranda sieht man auf den Acker, der direkt neben dem Grundst\u00fcck liegt. F\u00fcr Tierbeobachtungen haben wir Euch ein Fernglas bereitgestellt.<\/p>\n\n\n\n<p>Nat\u00fcrlich nutzt Ihr die Sommerk\u00fcche (Holz\/Elektroherd) und das Bad im Haus so wie den Lagerfeuerplatz.<\/p>\n\n\n\n<p>Wir freuen uns auf Euch. Wegen der begrenzten Anzahl Pl\u00e4tze meldet Euch bitte immer \u2013 gern auch kurzfristig und telefonisch \u2013 vorher an, wenn Ihr zu uns kommen wollt.<\/p>\n\n\n\n<p>Preise finden sich <a href=\"https:\/\/altes-verwalterhaus.de\/?page_id=24\">hier<\/a>.<\/p>\n\n\n<div class=\"r34ics-ajax-container loading\" id=\"r69ef7d63ee2f984\" data-view=\"month\" data-view-is-list-style=\"0\" data-view-is-list-long=\"0\" data-args=\"67a798e2484948a2b6cf897df6db6d14cc929735\" data-js-args=\"{&quot;debug&quot;:null}\">&nbsp;<\/div>\n\n\n\n<p><\/p>\n","protected":false},"excerpt":{"rendered":"<p>Der alte Forstwagen oder Sch\u00e4ferwagen stand \u00fcber Jahrzehnte im Wald. Das merkt man ihm auch &#8211; bewusst &#8211; noch an. Im Forstwagen k\u00f6nnen zwei Personen bequem \u00fcbernachten und entspannen. Das untere Bett ist so ausziehbar, dass man das Bettzeug bzw. den Schlafsack (bitte selbst mitbringen) nicht st\u00e4ndig wegr\u00e4umen muss. Es gibt echte Lattenroste und vern\u00fcnftige <a class=\"read-more\" href=\"https:\/\/altes-verwalterhaus.de\/?accordion_slider=fortwagen\">READ MORE<\/a><\/p>\n","protected":false},"author":1,"featured_media":0,"parent":0,"menu_order":0,"comment_status":"closed","ping_status":"closed","template":"","meta":{"footnotes":""},"class_list":["post-185","page","type-page","status-publish","hentry"],"_links":{"self":[{"href":"https:\/\/altes-verwalterhaus.de\/index.php?rest_route=\/wp\/v2\/pages\/185","targetHints":{"allow":["GET"]}}],"collection":[{"href":"https:\/\/altes-verwalterhaus.de\/index.php?rest_route=\/wp\/v2\/pages"}],"about":[{"href":"https:\/\/altes-verwalterhaus.de\/index.php?rest_route=\/wp\/v2\/types\/page"}],"author":[{"embeddable":true,"href":"https:\/\/altes-verwalterhaus.de\/index.php?rest_route=\/wp\/v2\/users\/1"}],"replies":[{"embeddable":true,"href":"https:\/\/altes-verwalterhaus.de\/index.php?rest_route=%2Fwp%2Fv2%2Fcomments&post=185"}],"version-history":[{"count":9,"href":"https:\/\/altes-verwalterhaus.de\/index.php?rest_route=\/wp\/v2\/pages\/185\/revisions"}],"predecessor-version":[{"id":460,"href":"https:\/\/altes-verwalterhaus.de\/index.php?rest_route=\/wp\/v2\/pages\/185\/revisions\/460"}],"wp:attachment":[{"href":"https:\/\/altes-verwalterhaus.de\/index.php?rest_route=%2Fwp%2Fv2%2Fmedia&parent=185"}],"curies":[{"name":"wp","href":"https:\/\/api.w.org\/{rel}","templated":true}]}}

Alter Forstwagen / Schäferwagen

<style type="text/css">

    .as-panels .as-panel .text-block {
      position: absolute;
      left: 30px;
      bottom: 30px;
      max-width: 400px;
      padding: 20px;
      border-radius: 5px;
      background-color: rgba(0, 0, 0, 0.6);
      color: #fff;
      z-index: 4;
      visibility: hidden;
    }
    .as-panels .as-panel .text-block h3 {
      font-size: 20px;
      font-weight: 700;
    }
    .as-panels:hover .as-panel:hover {
      -ms-flex-negative: 0;
          flex-shrink: 0;
          /*cursor: move;*/
      width: 100%;
    }

    .as-panels .as-panel .text-block {
      bottom: 60px;
    }
    
    .as-panels:hover .as-panel:hover .text-block {
      -webkit-transition-property: all;
      transition-property: all;
      -webkit-transition-duration: 0.2s;
              transition-duration: 0.2s;
      -webkit-transition-timing-function: linear;
              transition-timing-function: linear;
      -webkit-transition-delay: 0.5s;
              transition-delay: 0.5s;
      bottom: 30px;
      opacity: 1;
      visibility: visible;
    }

    
</style>

<div id="my-accordion-184" class="accordion-slider accordion-slider-184" style="margin-bottom: 100px;">
        <div class="as-panels">
                                  
                        <div class="as-panel">
                            <img decoding="async" class="as-background" src="https://altes-verwalterhaus.de/wp-content/uploads/2021/10/IMG_20210918_154455_k.jpg"/>


                                                  <div class="text-block">
                                                            <h3 style="
                                font-size: 18px;
                                font-family: Arial;
                                color: #ffffff;
                                background-color: ;
                                    margin: 8px 0;
                                    text-align: justify;
                                ">Fortwagen im Apfelgarten</h3>
                                                        <div class="text">
                                                              <p style="
                                font-size: 14px;
                                font-family: Arial;
                                              color: #ffffff;
                                              background-color: ;
                                                  margin: 0 0 8px 0;
                                                  text-align: justify;
                                ">Forstwagen / Schäferwagen im Apfelgarten</p>
                                                          </div>
                          </div>
                         


                        </div>
                                     
                        <div class="as-panel">
                            <img decoding="async" class="as-background" src="https://altes-verwalterhaus.de/wp-content/uploads/2021/10/IMG_20210914_191534_k-1200x900.jpg"/>


                                                  <div class="text-block">
                                                            <h3 style="
                                font-size: 18px;
                                font-family: Arial;
                                color: #ffffff;
                                background-color: ;
                                    margin: 8px 0;
                                    text-align: justify;
                                ">Blick auf die Veranda des Forstwagens</h3>
                                                        <div class="text">
                                                              <p style="
                                font-size: 14px;
                                font-family: Arial;
                                              color: #ffffff;
                                              background-color: ;
                                                  margin: 0 0 8px 0;
                                                  text-align: justify;
                                ">Blick aus der Tür und auf Ofen und Veranda</p>
                                                          </div>
                          </div>
                         


                        </div>
                                     
                        <div class="as-panel">
                            <img decoding="async" class="as-background" src="https://altes-verwalterhaus.de/wp-content/uploads/2021/10/IMG_20210918_154628_k.jpg"/>


                                                  <div class="text-block">
                                                            <h3 style="
                                font-size: 18px;
                                font-family: Arial;
                                color: #ffffff;
                                background-color: ;
                                    margin: 8px 0;
                                    text-align: justify;
                                ">der alte Forstwagen</h3>
                                                        <div class="text">
                                                              <p style="
                                font-size: 14px;
                                font-family: Arial;
                                              color: #ffffff;
                                              background-color: ;
                                                  margin: 0 0 8px 0;
                                                  text-align: justify;
                                ">Nahansicht von der Veranda Seite</p>
                                                          </div>
                          </div>
                         


                        </div>
                                     
                        <div class="as-panel">
                            <img decoding="async" class="as-background" src="https://altes-verwalterhaus.de/wp-content/uploads/2021/10/IMG_20210918_154800_k.jpg"/>


                                                  <div class="text-block">
                                                            <h3 style="
                                font-size: 18px;
                                font-family: Arial;
                                color: #ffffff;
                                background-color: ;
                                    margin: 8px 0;
                                    text-align: justify;
                                ">im alten Forstwagen </h3>
                                                        <div class="text">
                                                              <p style="
                                font-size: 14px;
                                font-family: Arial;
                                              color: #ffffff;
                                              background-color: ;
                                                  margin: 0 0 8px 0;
                                                  text-align: justify;
                                ">Der Tisch kann eingeklappt werden und das untere Bett ist ausziehbar.</p>
                                                          </div>
                          </div>
                         


                        </div>
                                     
                        <div class="as-panel">
                            <img decoding="async" class="as-background" src="https://altes-verwalterhaus.de/wp-content/uploads/2021/10/IMG_20210918_154858_k.jpg"/>


                                                  <div class="text-block">
                                                            <h3 style="
                                font-size: 18px;
                                font-family: Arial;
                                color: #ffffff;
                                background-color: ;
                                    margin: 8px 0;
                                    text-align: justify;
                                ">Beleuchtung mit alter Norwegischer Lampe</h3>
                                                        <div class="text">
                                                              <p style="
                                font-size: 14px;
                                font-family: Arial;
                                              color: #ffffff;
                                              background-color: ;
                                                  margin: 0 0 8px 0;
                                                  text-align: justify;
                                ">Der Forstwagen hat Solarstrom für Licht und zum Handy laden.</p>
                                                          </div>
                          </div>
                         


                        </div>
                                     
                        <div class="as-panel">
                            <img decoding="async" class="as-background" src="https://altes-verwalterhaus.de/wp-content/uploads/2021/10/IMG_20210918_154910_k.jpg"/>


                                                  <div class="text-block">
                                                            <h3 style="
                                font-size: 18px;
                                font-family: Arial;
                                color: #ffffff;
                                background-color: ;
                                    margin: 8px 0;
                                    text-align: justify;
                                ">im alten Forstwagen ist es hell</h3>
                                                        <div class="text">
                                                              <p style="
                                font-size: 14px;
                                font-family: Arial;
                                              color: #ffffff;
                                              background-color: ;
                                                  margin: 0 0 8px 0;
                                                  text-align: justify;
                                ">Der Tisch kann eingeklappt werden und das untere Bett ist ausziehbar.</p>
                                                          </div>
                          </div>
                         


                        </div>
                                     
        </div>
        <div class="wpaas-conf-184" style="display: none;">{&quot;visible_images&quot;:&quot;4&quot;,&quot;width&quot;:&quot;1000px&quot;,&quot;height&quot;:&quot;400px&quot;,&quot;orientation&quot;:&quot;horizontal&quot;,&quot;image_distance&quot;:&quot;1&quot;,&quot;max_opened_image_size&quot;:&quot;80%&quot;,&quot;open_image_on&quot;:&quot;hover&quot;,&quot;shadow&quot;:&quot;true&quot;,&quot;autoplay&quot;:&quot;true&quot;,&quot;mouse_wheel&quot;:&quot;true&quot;,&quot;close_panel_on_mouse_out&quot;:&quot;true&quot;,&quot;autoplay_direction&quot;:&quot;normal&quot;,&quot;autoplay_delay&quot;:&quot;3000&quot;}</div>
    </div>


<script type="text/javascript">
    jQuery(document).ready(function($) {
        $( '.accordion-slider-184' ).each(function( index ) { 
            var slider_id   = $(this).attr('id');  
            var slider_conf = $.parseJSON( $(this).closest('#my-accordion-184').find('.wpaas-conf-184').text());
                
            if( typeof(slider_id) != 'undefined' && slider_id != '' ) { 
                $('#my-accordion-184').WPaccordionSlider({
                width:parseInt(slider_conf.width), 
                height: parseInt(slider_conf.height),
                responsiveMode: 'custom',
                orientation: slider_conf.orientation,
               /* openedPanelSize: '40%',*/
                maxOpenedPanelSize: slider_conf.max_opened_image_size,
                openPanelOn: slider_conf.open_image_on,
                visiblePanels: parseInt(slider_conf.visible_images),
                autoplayDirection: slider_conf.autoplay_direction,
                autoplayDelay: parseInt(slider_conf.autoplay_delay),
                startPanel: -1,
                /*
                startPanel: -1, //start setting
                --closePanelsOnMouseOut: true, 
                mouseDelay: 500, 
                openPanelDuration: 2000,
                closePanelDuration: 1000,
                --autoplayDelay: 3000,
                --autoplayDirection:'backwards',
                autoplayOnHover:'pause',
                --keyboard: true,
                */

                panelDistance: parseInt(slider_conf.image_distance),
                shadow     : (slider_conf.shadow)      == "true"           ? true          : false,
                autoplay   : (slider_conf.autoplay)    == "true"           ? true          : false,
                mouseWheel : (slider_conf.mouse_wheel) == "true"           ? true          : false,    
                closePanelsOnMouseOut : (slider_conf.close_panel_on_mouse_out) == "true"           ? true          : false,    
                   
                breakpoints: {
                    960: {visiblePanels: (parseInt(slider_conf.visible_images) > 5) ? 5 : parseInt(slider_conf.visible_images)},
                    800: {visiblePanels: (parseInt(slider_conf.visible_images) > 3) ? 3 : parseInt(slider_conf.visible_images)},
                    650: {visiblePanels: 3},
                    500: {visiblePanels: 3}
                }
             });
            }
        });
    });
</script>



<p>Der alte Forstwagen oder Schäferwagen stand über Jahrzehnte im Wald. Das merkt man ihm auch &#8211; bewusst &#8211; noch an. </p>



<p>Im Forstwagen können zwei Personen bequem übernachten und entspannen. Das untere Bett ist so ausziehbar, dass man das Bettzeug bzw. den Schlafsack (bitte selbst mitbringen) nicht ständig wegräumen muss. Es gibt echte Lattenroste und vernünftige Matratzen für guten Schlaf. Beheizt ist der Forstwagen mit einem kleinen Holzofen und die Isolierung ist für die Übergangszeit (Herbst und Frühjahr) ausgelegt. </p>



<p>Licht dringt aus einer alten norwegischen Benzinlampe, die auf 12V umgerüstet ist. Außerdem kann das Handy über eine USB Dose aufgeladen werden. Der Forstwagen wird ausschließlich mit Solarstrom versorgt. Gepäck verschwindet in den Bänken und unter dem Bett. Zu Eurer Sicherheit gibt es Rauchmelder, Kohlenmonoxid-Warner und Feuerlöscher.</p>



<p>Aus dem Fenster und von der Veranda sieht man auf den Acker, der direkt neben dem Grundstück liegt. Für Tierbeobachtungen haben wir Euch ein Fernglas bereitgestellt.</p>



<p>Natürlich nutzt Ihr die Sommerküche (Holz/Elektroherd) und das Bad im Haus so wie den Lagerfeuerplatz.</p>



<p>Wir freuen uns auf Euch. Wegen der begrenzten Anzahl Plätze meldet Euch bitte immer – gern auch kurzfristig und telefonisch – vorher an, wenn Ihr zu uns kommen wollt.</p>



<p>Preise finden sich <a href="https://altes-verwalterhaus.de/?page_id=24">hier</a>.</p>


<div class="r34ics-ajax-container loading" id="r69ef7d63ee2f984" data-view="month" data-view-is-list-style="0" data-view-is-list-long="0" data-args="67a798e2484948a2b6cf897df6db6d14cc929735" data-js-args="{&quot;debug&quot;:null}">&nbsp;</div>



<p></p>

<p>Der alte Forstwagen oder Schäferwagen stand über Jahrzehnte im Wald. Das merkt man ihm auch &#8211; bewusst &#8211; noch an. Im Forstwagen können zwei Personen bequem übernachten und entspannen. Das untere Bett ist so ausziehbar, dass man das Bettzeug bzw. den Schlafsack (bitte selbst mitbringen) nicht ständig wegräumen muss. Es gibt echte Lattenroste und vernünftige <a class="read-more" href="https://altes-verwalterhaus.de/?accordion_slider=fortwagen">READ MORE</a></p>
